{"id":900,"date":"2018-08-31T17:08:44","date_gmt":"2018-08-31T20:08:44","guid":{"rendered":"https:\/\/cmt-tuc.infd.edu.ar\/sitio\/re-inscripciones-profesorados-plan-2014\/"},"modified":"2026-02-10T21:07:44","modified_gmt":"2026-02-11T00:07:44","slug":"re-inscripciones-profesorados-plan-2014","status":"publish","type":"page","link":"https:\/\/cmt-tuc.infd.edu.ar\/sitio\/re-inscripciones-profesorados-plan-2014\/","title":{"rendered":"Re-Inscripciones Profesorados"},"content":{"rendered":"<p class=\"Resaltado1\" style=\"text-align: center;\">\n<h2 class=\"Resaltado1\" style=\"text-align: center;\"><strong>Alumnos Regulares Reinscripciones para el Ciclo Lectivo 2026<\/strong><\/h2>\n<p class=\"Resaltado1\" style=\"text-align: center;\"><a href=\"https:\/\/forms.gle\/SV8Uh4rM4PgeqB3t8\" target=\"_blank\" rel=\"noopener\"><span style=\"color: #003366;\"><strong><span style=\"font-size: 14pt;\"><span style=\"font-size: 14pt;\">Re-Inscripci\u00f3n 2026 Profesorado de M\u00fasica: EDUCACI\u00d3N MUSICAL<\/span><\/span><\/strong><\/span><\/a><\/p>\n<p class=\"Resaltado1\" style=\"text-align: center;\"><span style=\"color: #ff6600;\"><span style=\"color: #ff6600;\"><a href=\"https:\/\/forms.gle\/1Vahefk26ChXdNBv9\" target=\"_blank\" rel=\"noopener\"><span style=\"color: #008000;\"><strong><span style=\"font-size: 14pt;\">Re-Inscripci\u00f3n 2026 Profesorado de M\u00fasica: INSTRUMENTOS<\/span><\/strong><\/span><\/a><\/span><\/span><\/p>\n<p style=\"text-align: center;\"><a href=\"https:\/\/forms.gle\/iwNZCmCdGW8n9j1NA\" target=\"_blank\" rel=\"noopener\"><span style=\"color: #003366;\"><strong><span style=\"font-size: 14pt;\">Re-Inscripci\u00f3n 2026 Profesorado de M\u00fasica: CANTO<\/span><\/strong><\/span><\/a><\/p>\n<p style=\"text-align: center;\">\n<p style=\"text-align: center;\">Aqui vas a poder descargar la Ficha M\u00e9dica y el R\u00e9gimen Acad\u00e9mico Institucional RAI<\/p>\n<p style=\"text-align: center;\"><span style=\"color: #ff0000; font-family: 'arial black', 'avant garde'; font-size: 18pt; background-color: #ffcc00;\"><a style=\"background-color: #ffcc00;\" title=\"Ficha M\u00e9dica ALUMNOS - Nivel Superior\" href=\"upload\/ficha_medica_estudiantes.pdf\" target=\"_blank\" rel=\"noopener\">Descargar FICHA M\u00c9DICA<\/a><\/span><\/p>\n<h2 style=\"text-align: center;\"><span style=\"color: #ff0000; font-family: 'arial black', 'avant garde'; font-size: 18pt; background-color: #ffcc00;\"><a href=\"https:\/\/cmt-tuc.infd.edu.ar\/sitio\/wp-content\/uploads\/2026\/02\/RAI-Superior-con-Disp-29.2025-1.pdf\" target=\"_blank\" rel=\"noopener\">Descargar RAI (R\u00e9gimen Acad\u00e9mico Instituciona<\/a><span style=\"color: #0000ff;\">l)<\/span><\/span><\/h2>\n<h2><\/h2>\n<p class=\"Resaltado1\" style=\"text-align: center;\">\n<p class=\"Resaltado1\" style=\"text-align: center;\">\n<p class=\"Resaltado1\" style=\"text-align: center;\">\n<p class=\"Resaltado1\" style=\"text-align: center;\">\n<p class=\"Resaltado1\" style=\"text-align: center;\"><a href=\"https:\/\/docs.google.com\/forms\/d\/1rmUAQUbcj_vNB27ez402s7Rr0bSI8-qtCs3w7qp0WWw\/viewform?usp=send_form\">\u00a0<\/a><\/p>\n<p class=\"Resaltado1\" style=\"text-align: center;\">\n","protected":false},"excerpt":{"rendered":"<p>Alumnos Regulares Reinscripciones para el Ciclo Lectivo 2026 Re-Inscripci\u00f3n 2026 Profesorado de M\u00fasica: EDUCACI\u00d3N MUSICAL Re-Inscripci\u00f3n 2026 Profesorado de M\u00fasica: INSTRUMENTOS Re-Inscripci\u00f3n 2026 Profesorado de M\u00fasica: CANTO Aqui vas a poder descargar la Ficha M\u00e9dica y el R\u00e9gimen Acad\u00e9mico Institucional RAI Descargar FICHA M\u00c9DICA Descargar RAI (R\u00e9gimen Acad\u00e9mico Institucional) \u00a0<\/p>\n","protected":false},"author":65,"featured_media":0,"parent":0,"menu_order":0,"comment_status":"closed","ping_status":"closed","template":"","meta":[],"acf":[],"_links":{"self":[{"href":"https:\/\/cmt-tuc.infd.edu.ar\/sitio\/wp-json\/wp\/v2\/pages\/900"}],"collection":[{"href":"https:\/\/cmt-tuc.infd.edu.ar\/sitio\/wp-json\/wp\/v2\/pages"}],"about":[{"href":"https:\/\/cmt-tuc.infd.edu.ar\/sitio\/wp-json\/wp\/v2\/types\/page"}],"author":[{"embeddable":true,"href":"https:\/\/cmt-tuc.infd.edu.ar\/sitio\/wp-json\/wp\/v2\/users\/65"}],"replies":[{"embeddable":true,"href":"https:\/\/cmt-tuc.infd.edu.ar\/sitio\/wp-json\/wp\/v2\/comments?post=900"}],"version-history":[{"count":11,"href":"https:\/\/cmt-tuc.infd.edu.ar\/sitio\/wp-json\/wp\/v2\/pages\/900\/revisions"}],"predecessor-version":[{"id":1208,"href":"https:\/\/cmt-tuc.infd.edu.ar\/sitio\/wp-json\/wp\/v2\/pages\/900\/revisions\/1208"}],"wp:attachment":[{"href":"https:\/\/cmt-tuc.infd.edu.ar\/sitio\/wp-json\/wp\/v2\/media?parent=900"}],"curies":[{"name":"wp","href":"https:\/\/api.w.org\/{rel}","templated":true}]}}